reatest common factor of 4455 and 5573095.
55
Calculate the greatest common factor of 332835352 and 30404.
2764
Calculate the highest common divisor of 15984 and 11775472.
592
What is the greatest common divisor of 13137698 and 8307?
71
What is the greatest common divisor of 112213909 and 2143?
2143
Calculate the highest common factor of 221166 and 25212.
66
What is the greatest common divisor of 56452323 and 831?
831
Calculate the highest common divisor of 17 and 24584176.
17
What is the highest common divisor of 440 and 667412020?
220
Calculate the greatest common factor of 522068853 and 185.
37
What is the highest common factor of 7113 and 266934293?
2371
Calculate the greatest common divisor of 66234 and 178782.
498
What is the greatest common factor of 18986471 and 699?
233
Calculate the greatest common factor of 393 and 1029036702.
393
What is the greatest common factor of 52 and 16486106?
26
What is the highest common factor of 4162400 and 398816?
3872
What is the greatest common factor of 1508 and 178137778?
754
What is the highest common factor of 368072 and 195156?
556
What is the greatest common divisor of 9 and 86259879?
9
Calculate the greatest common factor of 9390 and 142835.
5
What is the highest common divisor of 10 and 10031895?
5
Calculate the highest common factor of 347448 and 12333003.
1401
Calculate the greatest common divisor of 9823200 and 192.
96
What is the greatest common factor of 334635096 and 414?
138
What is the highest common factor of 1128 and 21023592?
24
Calculate the highest common divisor of 292214 and 35191.
13
What is the highest common factor of 2372 and 1304?
4
Calculate the greatest common divisor of 848 and 20814736.
16
What is the greatest common factor of 55935 and 140580?
495
What is the highest common factor of 838503 and 273331?
617
What is the highest common factor of 235021 and 26246?
1193
What is the highest common divisor of 23 and 4839188063?
23
Calculate the greatest common factor of 2767668 and 1020.
204
What is the greatest common factor of 325688 and 9592?
88
Calculate the greatest common divisor of 461568 and 5909032.
4808
Calculate the greatest common divisor of 1674 and 285309.
27
What is the highest common divisor of 70167574 and 1076?
538
Calculate the highest common divisor of 272160 and 6778296.
1512
Calculate the greatest common divisor of 179009 and 2356258.
4163
What is the highest common divisor of 1656591 and 167922?
57
What is the greatest common divisor of 3598500 and 516000?
1500
What is the greatest common divisor of 1581 and 410262649?
527
What is the highest common factor of 377824125 and 125?
125
What is the greatest common factor of 158 and 26788900?
158
Calculate the highest common divisor of 3771212682 and 589.
589
Calculate the greatest common divisor of 98743114 and 19.
19
What is the greatest common factor of 4520 and 54014?
226
What is the highest common divisor of 14420620 and 1108?
1108
What is the greatest common divisor of 22356 and 7521?
69
What is the highest common divisor of 4153986 and 38982?
534
What is the highest common divisor of 352 and 320947?
11
What is the highest common factor of 10 and 17754400?
10
What is the highest common divisor of 136 and 13949044?
68
Calculate the highest common divisor of 60294300 and 2265.
2265
What is the highest common factor of 2931 and 37298929?
977
What is the greatest common factor of 2068 and 55088?
44
Calculate the greatest common divisor of 95610 and 788580.
30
Calculate the highest common factor of 243625069 and 921.
307
Calculate the highest common factor of 8266317 and 355.
71
What is the greatest common factor of 55 and 25761967?
11
What is the greatest common divisor of 2562 and 927810?
366
Calculate the highest common factor of 5402904 and 26904.
24
What is the highest common divisor of 3402446 and 222?
74
What is the highest common divisor of 502 and 17406?
2
Calculate the greatest common divisor of 387097584 and 848.
848
What is the highest common factor of 8489 and 1128556?
13
What is the greatest common divisor of 10043616 and 75?
3
What is the highest common divisor of 58721992 and 28?
28
What is the highest common factor of 4796 and 114305466?
2398
What is the highest common divisor of 114101 and 199251?
1703
What is the highest common factor of 63 and 1683878?
7
Calculate the greatest common divisor of 277223702 and 56.
14
What is the highest common divisor of 275726330 and 4840?
1210
Calculate the highest common divisor of 165194979 and 3.
3
What is the highest common divisor of 1221 and 1852433?
11
What is the greatest common divisor of 98 and 25552226?
98
What is the greatest common factor of 71643696 and 336?
48
Calculate the greatest common divisor of 2264 and 32989310.
566
Calculate the highest common factor of 311860701 and 4689.
4689
Calculate the greatest common divisor of 868 and 1867628.
28
Calculate the greatest common factor of 2401412 and 51792.
52
Calculate the highest common factor of 111 and 7899576.
3
What is the highest common divisor of 896 and 240184?
56
What is the highest common factor of 1122 and 27953882?
374
What is the highest common divisor of 15968 and 2592804?
1996
What is the greatest common divisor of 36 and 12878241?
3
What is the greatest common factor of 7558664 and 40?
8
What is the highest common divisor of 7261864 and 24?
8
Calculate the greatest common factor of 160335 and 710.
5
Calculate the greatest common factor of 7042459 and 1.
1
What is the highest common divisor of 3426335 and 187?
11
Calculate the highest common factor of 6076 and 11746427.
1519
What is the highest common divisor of 105244 and 988696?
332
Calculate the greatest common factor of 364125852 and 36.
36
What is the greatest common factor of 9307 and 3798937?
41
Calculate the highest common divisor of 29773623 and 484.
121
What is the greatest common divisor of 804 and 3172182?
402
Calculate the greatest common divisor of 22671557 and 17.
17
Calculate the highest common factor of 4410 and 46179.
63
What is the greatest common factor of 103224 and 8958592?
3128
What is the greatest common divisor of 287 and 300535125?
41
What is the greatest common factor of 2005 and 277702124?
401
What is the highest common factor of 2356 and 36841361?
589
What is the greatest common divisor of 835 and 78745?
5
Calculate the highest common factor of 8124 and 1469325596.
2708
What is the greatest common factor of 100227 and 1793?
1
What is the greatest common divisor of 583 and 47347974?
53
What is the highest common factor of 3208017 and 56373?
1311
Calculate the highest common divisor of 7504707 and 1323.
21
Calculate the greatest common factor of 148568014 and 8.
2
Calculate the greatest common factor of 14859 and 252473.
13
Calculate the greatest common factor of 615 and 2573055.
15
Calculate the greatest common divisor of 1613395 and 15469.
31
What is the greatest common factor of 8 and 6467672?
8
Calculate the highest common divisor of 500 and 555875.
125
Calculate the greatest common factor of 217888 and 565312.
352
Calculate the greatest common factor of 2504483157 and 627.
627
Calculate the greatest common divisor of 139360 and 4875.
65
What is the highest common divisor of 12069 and 1455732?
81
Calculate the highest common factor of 8694008 and 21608.
584
Calculate the greatest common factor of 143 and 5807152.
13
What is the highest common divisor of 285792985 and 5?
5
What is the highest common divisor of 7865 and 1165486036?
1573
What is the highest common divisor of 188288 and 91?
1
What is the highest common factor of 61456 and 216?
8
What is the highest common divisor of 5248 and 711965?
41
Calculate the greatest common factor of 56 and 66416248.
8
Calculate the greatest common factor of 29 and 633366119.
29
What is the highest common factor of 16 and 945784304?
16
Calculate the highest common divisor of 318502 and 103994.
326
What is the greatest common factor of 3016260 and 15480?
180
Calculate the highest common divisor of 371 and 18637115.
7
Calculate the greatest common factor of 40421502 and 2412.
1206
Calculate the highest common factor of 465650 and 350.
50
Calculate the greatest common divisor of 16399695 and 45.
15
What is the highest common factor of 1742 and 89827972?
1742
